{"id":1307,"date":"2022-06-25T10:19:56","date_gmt":"2022-06-25T09:19:56","guid":{"rendered":"https:\/\/www.nauticclubhers.fr\/?page_id=1307"},"modified":"2025-02-02T18:08:24","modified_gmt":"2025-02-02T17:08:24","slug":"eau-libre","status":"publish","type":"page","link":"https:\/\/www.nauticclubhers.fr\/index.php\/evenements\/evenements-externes\/eau-libre\/","title":{"rendered":"Eau Libre"},"content":{"rendered":"\n<p>D\u00e9couvrez la nage en eau libre : une exp\u00e9rience unique et revitalisante !<\/p>\n\n\n\n<p>La nage en eau libre est bien plus qu\u2019un simple sport : c\u2019est une immersion dans la nature, une aventure sensorielle et un d\u00e9fi personnel. Que vous soyez un nageur exp\u00e9riment\u00e9 ou un d\u00e9butant en qu\u00eate de nouvelles sensations, cette discipline offre de nombreux bienfaits et une libert\u00e9 incomparable.<\/p>\n\n\n<div class=\"wp-block-image\">\n<figure class=\"aligncenter size-full\"><a href=\"https:\/\/www.nauticclubhers.fr\/wp-content\/uploads\/2025\/02\/Image1.png\"><img loading=\"lazy\" decoding=\"async\" width=\"213\" height=\"213\" src=\"https:\/\/www.nauticclubhers.fr\/wp-content\/uploads\/2025\/02\/Image1.png\" alt=\"\" class=\"wp-image-2259\" srcset=\"https:\/\/www.nauticclubhers.fr\/wp-content\/uploads\/2025\/02\/Image1.png 213w, https:\/\/www.nauticclubhers.fr\/wp-content\/uploads\/2025\/02\/Image1-150x150.png 150w\" sizes=\"auto, (max-width: 213px) 100vw, 213px\" \/><\/a><\/figure>\n<\/div>\n\n\n<p><br>Pourquoi essayer la nage en eau libre ?<br>\u2022 <strong>Un contact direct avec la nature <\/strong>: Profitez de paysages magnifiques en nageant en mer, en lac ou en rivi\u00e8re. Chaque sortie est une nouvelle d\u00e9couverte.<br>\u2022 <strong>Un sport complet :<\/strong> Sollicite l\u2019ensemble du corps et am\u00e9liore l\u2019endurance, la respiration et la coordination.<br>\u2022 <strong>Un bien-\u00eatre mental :<\/strong> L\u2019eau libre procure une sensation de libert\u00e9 et de l\u00e2cher-prise unique, r\u00e9duisant le stress et renfor\u00e7ant la confiance en soi.<br>\u2022 <strong>Un d\u00e9fi personnel :<\/strong> Surmontez la temp\u00e9rature de l\u2019eau, les courants et la distance pour repousser vos limites.<br>\u2022 <strong>Une communaut\u00e9 passionn\u00e9e : <\/strong>Rejoignez des nageurs partageant la m\u00eame passion et participez \u00e0 des \u00e9v\u00e9nements et comp\u00e9titions.<\/p>\n\n\n\n<p><br>En mer, lac ou rivi\u00e8re le choix des courses est tr\u00e8s vari\u00e9. Les manifestations se d\u00e9roulent en g\u00e9n\u00e9ral de mai \u00e0 octobre. Du Verdon \u00e0 Cognac, ou en Espagne sur la Costa Brava, nous nous d\u00e9pla\u00e7ons en petit groupe selon les disponibilit\u00e9s de chacun.<br>Vous aurez besoin d\u2019une licence eau libre promotionnelle (15 \u20ac), d\u2019une combinaison n\u00e9opr\u00e8ne (que l\u2019on peut louer dans un premier temps).<\/p>\n\n\n\n<p><br>L\u2019inscription est \u00e0 la charge des participants.<\/p>\n\n\n\n<p><br>Faites-vous connaitre aupr\u00e8s de vos entraineurs ou envoyez un mail \u00e0 l\u2019adresse nauticclubhers@gmail.com. Nous vous int\u00e9grerons au groupe Whatsapp avec le planning de nombreux \u00e9v\u00e8nements.<\/p>\n\n\n\n<p><\/p>\n\n\n\n<h2 class=\"wp-block-heading\">S\u00e9ance d&rsquo;essayage des combinaisons pour l&rsquo;\u00e9quipe de nageuses et nageurs \u00ab\u00a0Eau libre\u00a0\u00bb<\/h2>\n\n\n\n<p>Ils sont chauds&#8230;.<img loading=\"lazy\" decoding=\"async\" height=\"16\" width=\"16\" src=\"https:\/\/static.xx.fbcdn.net\/images\/emoji.php\/v9\/t38\/1\/16\/1f918.png\" alt=\"\ud83e\udd18\"> en pleine pr\u00e9paration de la comp\u00e9tition du 27 mai \u00e0 Agde&#8230;.<\/p>\n\n\n\n<figure class=\"wp-block-image size-large\"><a href=\"https:\/\/www.nauticclubhers.fr\/wp-content\/uploads\/2023\/04\/20230417_202631-2-scaled.jpg\"><img loading=\"lazy\" decoding=\"async\" width=\"1024\" height=\"619\" src=\"https:\/\/www.nauticclubhers.fr\/wp-content\/uploads\/2023\/04\/20230417_202631-2-1024x619.jpg\" alt=\"\" class=\"wp-image-1735\" srcset=\"https:\/\/www.nauticclubhers.fr\/wp-content\/uploads\/2023\/04\/20230417_202631-2-1024x619.jpg 1024w, https:\/\/www.nauticclubhers.fr\/wp-content\/uploads\/2023\/04\/20230417_202631-2-300x181.jpg 300w, https:\/\/www.nauticclubhers.fr\/wp-content\/uploads\/2023\/04\/20230417_202631-2-768x464.jpg 768w, https:\/\/www.nauticclubhers.fr\/wp-content\/uploads\/2023\/04\/20230417_202631-2-1536x929.jpg 1536w, https:\/\/www.nauticclubhers.fr\/wp-content\/uploads\/2023\/04\/20230417_202631-2-2048x1238.jpg 2048w\" sizes=\"auto, (max-width: 1024px) 100vw, 1024px\" \/><\/a><\/figure>\n\n\n\n<figure class=\"wp-block-image size-large\"><a href=\"https:\/\/www.nauticclubhers.fr\/wp-content\/uploads\/2023\/04\/20230417_202732-2-1-scaled.jpg\"><img loading=\"lazy\" decoding=\"async\" width=\"1024\" height=\"584\" src=\"https:\/\/www.nauticclubhers.fr\/wp-content\/uploads\/2023\/04\/20230417_202732-2-1-1024x584.jpg\" alt=\"\" class=\"wp-image-1739\" srcset=\"https:\/\/www.nauticclubhers.fr\/wp-content\/uploads\/2023\/04\/20230417_202732-2-1-1024x584.jpg 1024w, https:\/\/www.nauticclubhers.fr\/wp-content\/uploads\/2023\/04\/20230417_202732-2-1-300x171.jpg 300w, https:\/\/www.nauticclubhers.fr\/wp-content\/uploads\/2023\/04\/20230417_202732-2-1-768x438.jpg 768w, https:\/\/www.nauticclubhers.fr\/wp-content\/uploads\/2023\/04\/20230417_202732-2-1-1536x876.jpg 1536w, https:\/\/www.nauticclubhers.fr\/wp-content\/uploads\/2023\/04\/20230417_202732-2-1-2048x1168.jpg 2048w\" sizes=\"auto, (max-width: 1024px) 100vw, 1024px\" \/><\/a><\/figure>\n\n\n\n<h2 class=\"wp-block-heading\">Vid\u00e9o d&rsquo;une course que Luc a effectu\u00e9e<\/h2>\n\n\n\n<p><a rel=\"noreferrer noopener\" href=\"https:\/\/youtu.be\/dNckVy_F9cE?fbclid=IwAR3KSzEzKp5tY6wcofIf4hAoo2nhzPX_6K1RteGhMxYq90B6qM47r-WfvYk\" target=\"_blank\">https:\/\/youtu.be\/dNckVy_F9cE<\/a><\/p>\n\n\n\n<p><\/p>\n\n\n\n<p><\/p>\n\n\n\n<p><\/p>\n\n\n\n<p><\/p>\n","protected":false},"excerpt":{"rendered":"<p>D\u00e9couvrez la nage en eau libre : une exp\u00e9rience unique et revitalisante ! La nage en eau libre est bien plus qu\u2019un simple sport : c\u2019est une immersion dans la nature, une aventure sensorielle et un d\u00e9fi personnel. Que vous soyez un nageur exp\u00e9riment\u00e9 ou un d\u00e9butant en qu\u00eate de nouvelles sensations, cette discipline offre &hellip; <a href=\"https:\/\/www.nauticclubhers.fr\/index.php\/evenements\/evenements-externes\/eau-libre\/\" class=\"more-link\">Continuer la lecture de <span class=\"screen-reader-text\">Eau Libre<\/span> <span class=\"meta-nav\">&rarr;<\/span><\/a><\/p>\n","protected":false},"author":2,"featured_media":0,"parent":45,"menu_order":1,"comment_status":"closed","ping_status":"closed","template":"","meta":{"footnotes":""},"class_list":["post-1307","page","type-page","status-publish","hentry"],"_links":{"self":[{"href":"https:\/\/www.nauticclubhers.fr\/index.php\/wp-json\/wp\/v2\/pages\/1307","targetHints":{"allow":["GET"]}}],"collection":[{"href":"https:\/\/www.nauticclubhers.fr\/index.php\/wp-json\/wp\/v2\/pages"}],"about":[{"href":"https:\/\/www.nauticclubhers.fr\/index.php\/wp-json\/wp\/v2\/types\/page"}],"author":[{"embeddable":true,"href":"https:\/\/www.nauticclubhers.fr\/index.php\/wp-json\/wp\/v2\/users\/2"}],"replies":[{"embeddable":true,"href":"https:\/\/www.nauticclubhers.fr\/index.php\/wp-json\/wp\/v2\/comments?post=1307"}],"version-history":[{"count":18,"href":"https:\/\/www.nauticclubhers.fr\/index.php\/wp-json\/wp\/v2\/pages\/1307\/revisions"}],"predecessor-version":[{"id":2260,"href":"https:\/\/www.nauticclubhers.fr\/index.php\/wp-json\/wp\/v2\/pages\/1307\/revisions\/2260"}],"up":[{"embeddable":true,"href":"https:\/\/www.nauticclubhers.fr\/index.php\/wp-json\/wp\/v2\/pages\/45"}],"wp:attachment":[{"href":"https:\/\/www.nauticclubhers.fr\/index.php\/wp-json\/wp\/v2\/media?parent=1307"}],"curies":[{"name":"wp","href":"https:\/\/api.w.org\/{rel}","templated":true}]}}