{"id":794,"date":"2021-10-26T21:19:41","date_gmt":"2021-10-26T20:19:41","guid":{"rendered":"https:\/\/www.nauticclubhers.fr\/?page_id=794"},"modified":"2025-02-01T14:37:03","modified_gmt":"2025-02-01T13:37:03","slug":"calendrier","status":"publish","type":"page","link":"https:\/\/www.nauticclubhers.fr\/index.php\/calendrier\/","title":{"rendered":"Calendrier"},"content":{"rendered":"\n<p>Programme comp\u00e9tition CD31<\/p>\n\n\n\n<figure class=\"wp-block-image size-large\"><a href=\"https:\/\/www.nauticclubhers.fr\/wp-content\/uploads\/2025\/02\/Programme-compets-2025.png\"><img loading=\"lazy\" decoding=\"async\" width=\"826\" height=\"1024\" src=\"https:\/\/www.nauticclubhers.fr\/wp-content\/uploads\/2025\/02\/Programme-compets-2025-826x1024.png\" alt=\"\" class=\"wp-image-2244\" srcset=\"https:\/\/www.nauticclubhers.fr\/wp-content\/uploads\/2025\/02\/Programme-compets-2025-826x1024.png 826w, https:\/\/www.nauticclubhers.fr\/wp-content\/uploads\/2025\/02\/Programme-compets-2025-242x300.png 242w, https:\/\/www.nauticclubhers.fr\/wp-content\/uploads\/2025\/02\/Programme-compets-2025-768x953.png 768w, https:\/\/www.nauticclubhers.fr\/wp-content\/uploads\/2025\/02\/Programme-compets-2025-1238x1536.png 1238w, https:\/\/www.nauticclubhers.fr\/wp-content\/uploads\/2025\/02\/Programme-compets-2025.png 1481w\" sizes=\"auto, (max-width: 826px) 100vw, 826px\" \/><\/a><\/figure>\n\n\n\n<p>Plus d&rsquo;info:  <a href=\"https:\/\/hautegaronne.ffnatation.fr\/script\/index.php\">Site d\u00e9partemental de la Haute-Garonne &#8211; F\u00e9d\u00e9ration Fran\u00e7aise de Natation (ffnatation.fr)<\/a><\/p>\n","protected":false},"excerpt":{"rendered":"<p>Programme comp\u00e9tition CD31 Plus d&rsquo;info: Site d\u00e9partemental de la Haute-Garonne &#8211; F\u00e9d\u00e9ration Fran\u00e7aise de Natation (ffnatation.fr)<\/p>\n","protected":false},"author":2,"featured_media":0,"parent":0,"menu_order":0,"comment_status":"closed","ping_status":"closed","template":"","meta":{"footnotes":""},"class_list":["post-794","page","type-page","status-publish","hentry"],"_links":{"self":[{"href":"https:\/\/www.nauticclubhers.fr\/index.php\/wp-json\/wp\/v2\/pages\/794","targetHints":{"allow":["GET"]}}],"collection":[{"href":"https:\/\/www.nauticclubhers.fr\/index.php\/wp-json\/wp\/v2\/pages"}],"about":[{"href":"https:\/\/www.nauticclubhers.fr\/index.php\/wp-json\/wp\/v2\/types\/page"}],"author":[{"embeddable":true,"href":"https:\/\/www.nauticclubhers.fr\/index.php\/wp-json\/wp\/v2\/users\/2"}],"replies":[{"embeddable":true,"href":"https:\/\/www.nauticclubhers.fr\/index.php\/wp-json\/wp\/v2\/comments?post=794"}],"version-history":[{"count":14,"href":"https:\/\/www.nauticclubhers.fr\/index.php\/wp-json\/wp\/v2\/pages\/794\/revisions"}],"predecessor-version":[{"id":2245,"href":"https:\/\/www.nauticclubhers.fr\/index.php\/wp-json\/wp\/v2\/pages\/794\/revisions\/2245"}],"wp:attachment":[{"href":"https:\/\/www.nauticclubhers.fr\/index.php\/wp-json\/wp\/v2\/media?parent=794"}],"curies":[{"name":"wp","href":"https:\/\/api.w.org\/{rel}","templated":true}]}}