{"id":798,"date":"2021-10-26T21:20:11","date_gmt":"2021-10-26T20:20:11","guid":{"rendered":"https:\/\/www.nauticclubhers.fr\/?page_id=798"},"modified":"2025-02-02T18:17:25","modified_gmt":"2025-02-02T17:17:25","slug":"stages","status":"publish","type":"page","link":"https:\/\/www.nauticclubhers.fr\/index.php\/stages\/","title":{"rendered":"Stages Comp\u00e9tition"},"content":{"rendered":"\n<h2 class=\"wp-block-heading\">Mini Stage comp\u00e9tition F\u00e9vrier 2025<\/h2>\n\n\n\n<p>Nous organisons \u00e0 nouveau un mini stage pour tout&nbsp;le groupe comp\u00e9tition (toutes cat\u00e9gories) encadr\u00e9 par nos entra\u00eeneurs pendant les vacances scolaires de F\u00e9vrier.&nbsp;Vous trouverez ci dessous les dates et les horaires :<\/p>\n\n\n\n<ul class=\"wp-block-list\">\n<li><strong>Lundi 17\/02 &#8211;\u00a0<\/strong><strong>18h00 \u00e0 20h00\u00a0<\/strong><\/li>\n\n\n\n<li><strong>Vendredi\u00a021\/02 &#8211;\u00a0<\/strong>\u00a0<strong>18h00 \u00e0 20h00<\/strong><\/li>\n\n\n\n<li><strong>Lundi\u00a024\/02 &#8211; 18h00 \u00e0 20h00\u00a0<\/strong><\/li>\n<\/ul>\n\n\n\n<p>Merci de pr\u00e9venir vos entra\u00eeneurs si votre enfant participe ou pas \u00e0 ce stage afin de pr\u00e9parer au mieux le programme.<\/p>\n\n\n\n<p>Nous pourrons r\u00e9server des cr\u00e9neaux de 1 heure pour les Adultes &#8211; Pr\u00e9cisez \u00e0 votre entraineur ou sur le groupe Whatsapp et si une ligne est disponible, nous ferons un retour.<\/p>\n\n\n\n<p><\/p>\n\n\n\n<h2 class=\"wp-block-heading\">Stage COMP\u00c9TITION Avril 2025<\/h2>\n\n\n\n<p>Le prochain Satge COMP\u00c9TITION (Comp\u00e9titions hors masters exclusivement) aura lieu :<\/p>\n\n\n\n<p> A <strong><em>ANDORRE LA VIEILLE &#8211;\u00a0<a>Du Dimanche 13 Avril au Samedi 19 Avril 2025<\/a><\/em><\/strong><\/p>\n\n\n\n<p>Les inscriptions sont ferm\u00e9es.<\/p>\n\n\n\n<p>Merci de confirmer ou non la pr\u00e9sence des nageuses et nageurs aupr\u00e8s des entra\u00eeneurs.<\/p>\n","protected":false},"excerpt":{"rendered":"<p>Mini Stage comp\u00e9tition F\u00e9vrier 2025 Nous organisons \u00e0 nouveau un mini stage pour tout&nbsp;le groupe comp\u00e9tition (toutes cat\u00e9gories) encadr\u00e9 par nos entra\u00eeneurs pendant les vacances scolaires de F\u00e9vrier.&nbsp;Vous trouverez ci dessous les dates et les horaires : Merci de pr\u00e9venir vos entra\u00eeneurs si votre enfant participe ou pas \u00e0 ce stage afin de pr\u00e9parer au &hellip; <a href=\"https:\/\/www.nauticclubhers.fr\/index.php\/stages\/\" class=\"more-link\">Continuer la lecture de <span class=\"screen-reader-text\">Stages Comp\u00e9tition<\/span> <span class=\"meta-nav\">&rarr;<\/span><\/a><\/p>\n","protected":false},"author":2,"featured_media":0,"parent":0,"menu_order":0,"comment_status":"closed","ping_status":"closed","template":"","meta":{"footnotes":""},"class_list":["post-798","page","type-page","status-publish","hentry"],"_links":{"self":[{"href":"https:\/\/www.nauticclubhers.fr\/index.php\/wp-json\/wp\/v2\/pages\/798","targetHints":{"allow":["GET"]}}],"collection":[{"href":"https:\/\/www.nauticclubhers.fr\/index.php\/wp-json\/wp\/v2\/pages"}],"about":[{"href":"https:\/\/www.nauticclubhers.fr\/index.php\/wp-json\/wp\/v2\/types\/page"}],"author":[{"embeddable":true,"href":"https:\/\/www.nauticclubhers.fr\/index.php\/wp-json\/wp\/v2\/users\/2"}],"replies":[{"embeddable":true,"href":"https:\/\/www.nauticclubhers.fr\/index.php\/wp-json\/wp\/v2\/comments?post=798"}],"version-history":[{"count":26,"href":"https:\/\/www.nauticclubhers.fr\/index.php\/wp-json\/wp\/v2\/pages\/798\/revisions"}],"predecessor-version":[{"id":2262,"href":"https:\/\/www.nauticclubhers.fr\/index.php\/wp-json\/wp\/v2\/pages\/798\/revisions\/2262"}],"wp:attachment":[{"href":"https:\/\/www.nauticclubhers.fr\/index.php\/wp-json\/wp\/v2\/media?parent=798"}],"curies":[{"name":"wp","href":"https:\/\/api.w.org\/{rel}","templated":true}]}}