{"id":848,"date":"2021-10-26T22:27:23","date_gmt":"2021-10-26T21:27:23","guid":{"rendered":"https:\/\/www.nauticclubhers.fr\/?page_id=848"},"modified":"2024-05-11T18:58:39","modified_gmt":"2024-05-11T17:58:39","slug":"infos-legales","status":"publish","type":"page","link":"https:\/\/www.nauticclubhers.fr\/index.php\/infos-legales\/","title":{"rendered":"Infos l\u00e9gales"},"content":{"rendered":"\n<p>PV Assembl\u00e9e G\u00e9n\u00e9rale Ordinaire Juin 2023<\/p>\n\n\n\n<p>PV Assembl\u00e9e G\u00e9n\u00e9rale Extraordinaire Juin 2023<\/p>\n\n\n\n<p>Les derniers statuts Juin 2023<\/p>\n\n\n\n<p>Statuts initiaux 1998<\/p>\n\n\n\n<p>R\u00e8glement Int\u00e9rieur<\/p>\n","protected":false},"excerpt":{"rendered":"<p>PV Assembl\u00e9e G\u00e9n\u00e9rale Ordinaire Juin 2023 PV Assembl\u00e9e G\u00e9n\u00e9rale Extraordinaire Juin 2023 Les derniers statuts Juin 2023 Statuts initiaux 1998 R\u00e8glement Int\u00e9rieur<\/p>\n","protected":false},"author":2,"featured_media":0,"parent":0,"menu_order":0,"comment_status":"closed","ping_status":"closed","template":"","meta":{"footnotes":""},"class_list":["post-848","page","type-page","status-publish","hentry"],"_links":{"self":[{"href":"https:\/\/www.nauticclubhers.fr\/index.php\/wp-json\/wp\/v2\/pages\/848","targetHints":{"allow":["GET"]}}],"collection":[{"href":"https:\/\/www.nauticclubhers.fr\/index.php\/wp-json\/wp\/v2\/pages"}],"about":[{"href":"https:\/\/www.nauticclubhers.fr\/index.php\/wp-json\/wp\/v2\/types\/page"}],"author":[{"embeddable":true,"href":"https:\/\/www.nauticclubhers.fr\/index.php\/wp-json\/wp\/v2\/users\/2"}],"replies":[{"embeddable":true,"href":"https:\/\/www.nauticclubhers.fr\/index.php\/wp-json\/wp\/v2\/comments?post=848"}],"version-history":[{"count":19,"href":"https:\/\/www.nauticclubhers.fr\/index.php\/wp-json\/wp\/v2\/pages\/848\/revisions"}],"predecessor-version":[{"id":2182,"href":"https:\/\/www.nauticclubhers.fr\/index.php\/wp-json\/wp\/v2\/pages\/848\/revisions\/2182"}],"wp:attachment":[{"href":"https:\/\/www.nauticclubhers.fr\/index.php\/wp-json\/wp\/v2\/media?parent=848"}],"curies":[{"name":"wp","href":"https:\/\/api.w.org\/{rel}","templated":true}]}}